[INFO] cloning repository https://github.com/RaymondBaker/live_streamer
[INFO] running `Command { std: "git" "-c" "credential.helper=" "-c" "credential.helper=/workspace/cargo-home/bin/git-credential-null" "clone" "--bare" "https://github.com/RaymondBaker/live_streamer" "/workspace/cache/git-repos/https%3A%2F%2Fgithub.com%2FRaymondBaker%2Flive_streamer", kill_on_drop: false }`
[INFO] [stderr] Cloning into bare repository '/workspace/cache/git-repos/https%3A%2F%2Fgithub.com%2FRaymondBaker%2Flive_streamer'...
[INFO] running `Command { std: "git" "rev-parse" "HEAD", kill_on_drop: false }`
[INFO] [stdout] 8460d197e1a64ede576da9e85e86de666474c27a
[INFO] checking RaymondBaker/live_streamer against try#72f88fc4e9458f89516a0b8b0868f3718aec5b47 for pr-74989
[INFO] running `Command { std: "git" "clone" "/workspace/cache/git-repos/https%3A%2F%2Fgithub.com%2FRaymondBaker%2Flive_streamer" "/workspace/builds/worker-0/source", kill_on_drop: false }`
[INFO] [stderr] Cloning into '/workspace/builds/worker-0/source'...
[INFO] [stderr] done.
[INFO] validating manifest of git repo https://github.com/RaymondBaker/live_streamer on toolchain 72f88fc4e9458f89516a0b8b0868f3718aec5b47
[INFO] running `Command { std: "/workspace/cargo-home/bin/cargo" "+72f88fc4e9458f89516a0b8b0868f3718aec5b47" "read-manifest" "--manifest-path" "Cargo.toml", kill_on_drop: false }`
[INFO] started tweaking git repo https://github.com/RaymondBaker/live_streamer
[INFO] finished tweaking git repo https://github.com/RaymondBaker/live_streamer
[INFO] tweaked toml for git repo https://github.com/RaymondBaker/live_streamer written to /workspace/builds/worker-0/source/Cargo.toml
[INFO] crate git repo https://github.com/RaymondBaker/live_streamer already has a lockfile, it will not be regenerated
[INFO] running `Command { std: "/workspace/cargo-home/bin/cargo" "+72f88fc4e9458f89516a0b8b0868f3718aec5b47" "fetch" "--locked" "--manifest-path" "Cargo.toml", kill_on_drop: false }`
[INFO] [stderr]  Downloading crates ...
[INFO] [stderr]   Downloaded crypto v0.0.2
[INFO] running `Command { std: "docker" "create" "-v" "/var/lib/crater-agent-workspace/builds/worker-0/target:/opt/rustwide/target:rw,Z" "-v" "/var/lib/crater-agent-workspace/builds/worker-0/source:/opt/rustwide/workdir:ro,Z" "-v" "/var/lib/crater-agent-workspace/cargo-home:/opt/rustwide/cargo-home:ro,Z" "-v" "/var/lib/crater-agent-workspace/rustup-home:/opt/rustwide/rustup-home:ro,Z" "-e" "SOURCE_DIR=/opt/rustwide/workdir" "-e" "CARGO_TARGET_DIR=/opt/rustwide/target" "-e" "CARGO_HOME=/opt/rustwide/cargo-home" "-e" "RUSTUP_HOME=/opt/rustwide/rustup-home" "-w" "/opt/rustwide/workdir" "-m" "1610612736" "--user" "0:0" "--network" "none" "rustops/crates-build-env@sha256:d92eaeed33fa75130ca1ee6c8a01d1ffb62bac859dfdfb3450e3e5d1c0146529" "/opt/rustwide/cargo-home/bin/cargo" "+72f88fc4e9458f89516a0b8b0868f3718aec5b47" "metadata" "--no-deps" "--format-version=1", kill_on_drop: false }`
[INFO] [stdout] d779d0c5ecdef50406f3a4fae19646b89a7506bd398135395a987bd941daa5c3
[INFO] [stderr] WARNING: Your kernel does not support swap limit capabilities or the cgroup is not mounted. Memory limited without swap.
[INFO] running `Command { std: "docker" "start" "-a" "d779d0c5ecdef50406f3a4fae19646b89a7506bd398135395a987bd941daa5c3", kill_on_drop: false }`
[INFO] running `Command { std: "docker" "inspect" "d779d0c5ecdef50406f3a4fae19646b89a7506bd398135395a987bd941daa5c3", kill_on_drop: false }`
[INFO] running `Command { std: "docker" "rm" "-f" "d779d0c5ecdef50406f3a4fae19646b89a7506bd398135395a987bd941daa5c3", kill_on_drop: false }`
[INFO] [stdout] d779d0c5ecdef50406f3a4fae19646b89a7506bd398135395a987bd941daa5c3
[INFO] running `Command { std: "docker" "create" "-v" "/var/lib/crater-agent-workspace/builds/worker-0/target:/opt/rustwide/target:rw,Z" "-v" "/var/lib/crater-agent-workspace/builds/worker-0/source:/opt/rustwide/workdir:ro,Z" "-v" "/var/lib/crater-agent-workspace/cargo-home:/opt/rustwide/cargo-home:ro,Z" "-v" "/var/lib/crater-agent-workspace/rustup-home:/opt/rustwide/rustup-home:ro,Z" "-e" "SOURCE_DIR=/opt/rustwide/workdir" "-e" "CARGO_TARGET_DIR=/opt/rustwide/target" "-e" "CARGO_INCREMENTAL=0" "-e" "RUST_BACKTRACE=full" "-e" "RUSTFLAGS=--cap-lints=forbid" "-e" "CARGO_HOME=/opt/rustwide/cargo-home" "-e" "RUSTUP_HOME=/opt/rustwide/rustup-home" "-w" "/opt/rustwide/workdir" "-m" "1610612736" "--user" "0:0" "--network" "none" "rustops/crates-build-env@sha256:d92eaeed33fa75130ca1ee6c8a01d1ffb62bac859dfdfb3450e3e5d1c0146529" "/opt/rustwide/cargo-home/bin/cargo" "+72f88fc4e9458f89516a0b8b0868f3718aec5b47" "check" "--frozen" "--all" "--all-targets" "--message-format=json", kill_on_drop: false }`
[INFO] [stdout] 19f5d78066152e1005c5c9b7d81f18e3697b24afc4bd9b42c9e29c0d28e25e91
[INFO] [stderr] WARNING: Your kernel does not support swap limit capabilities or the cgroup is not mounted. Memory limited without swap.
[INFO] running `Command { std: "docker" "start" "-a" "19f5d78066152e1005c5c9b7d81f18e3697b24afc4bd9b42c9e29c0d28e25e91", kill_on_drop: false }`
[INFO] [stderr]    Compiling libc v0.2.48
[INFO] [stderr]    Compiling semver-parser v0.7.0
[INFO] [stderr]     Checking rand_core v0.4.0
[INFO] [stderr]     Checking void v1.0.2
[INFO] [stderr]     Checking futures v0.1.25
[INFO] [stderr]    Compiling arrayvec v0.4.10
[INFO] [stderr]    Compiling cc v1.0.28
[INFO] [stderr]    Compiling siphasher v0.2.3
[INFO] [stderr]     Checking itoa v0.4.3
[INFO] [stderr]     Checking lazycell v1.2.1
[INFO] [stderr]     Checking foreign-types-shared v0.1.1
[INFO] [stderr]     Checking fnv v1.0.6
[INFO] [stderr]    Compiling httparse v1.3.3
[INFO] [stderr]    Compiling serde v1.0.85
[INFO] [stderr]    Compiling openssl v0.10.16
[INFO] [stderr]    Compiling crc32fast v1.1.2
[INFO] [stderr]     Checking indexmap v1.0.2
[INFO] [stderr]    Compiling ryu v0.2.7
[INFO] [stderr]    Compiling native-tls v0.2.2
[INFO] [stderr]     Checking string v0.1.3
[INFO] [stderr]    Compiling memchr v2.1.3
[INFO] [stderr]     Checking percent-encoding v1.0.1
[INFO] [stderr]    Compiling encoding_rs v0.8.14
[INFO] [stderr]    Compiling regex v1.1.0
[INFO] [stderr]     Checking dtoa v0.4.3
[INFO] [stderr]     Checking ucd-util v0.1.3
[INFO] [stderr]     Checking utf8-ranges v1.0.2
[INFO] [stderr]     Checking crypto v0.0.2
[INFO] [stderr]     Checking crossbeam-utils v0.6.3
[INFO] [stderr]     Checking log v0.4.6
[INFO] [stderr]    Compiling rand v0.6.4
[INFO] [stderr]    Compiling unicase v1.4.2
[INFO] [stderr]    Compiling unicase v2.2.0
[INFO] [stderr]     Checking thread_local v0.3.6
[INFO] [stderr]     Checking unreachable v1.0.0
[INFO] [stderr]     Checking foreign-types v0.3.2
[INFO] [stderr]     Checking rand_core v0.3.1
[INFO] [stderr]    Compiling semver v0.9.0
[INFO] [stderr]     Checking regex-syntax v0.6.5
[INFO] [stderr]     Checking lock_api v0.1.5
[INFO] [stderr]     Checking smallvec v0.6.8
[INFO] [stderr]    Compiling rand_xorshift v0.1.1
[INFO] [stderr]    Compiling rand_hc v0.1.0
[INFO] [stderr]    Compiling rand_isaac v0.1.1
[INFO] [stderr]     Checking rand_chacha v0.1.1
[INFO] [stderr]     Checking base64 v0.10.1
[INFO] [stderr]    Compiling rustc_version v0.2.3
[INFO] [stderr]     Checking unicode-normalization v0.1.8
[INFO] [stderr]     Checking libflate v0.1.19
[INFO] [stderr]    Compiling phf_shared v0.7.24
[INFO] [stderr]     Checking crossbeam-epoch v0.7.0
[INFO] [stderr]     Checking rand_os v0.1.1
[INFO] [stderr]     Checking iovec v0.1.2
[INFO] [stderr]     Checking num_cpus v1.9.0
[INFO] [stderr]     Checking net2 v0.2.33
[INFO] [stderr]     Checking time v0.1.42
[INFO] [stderr]     Checking rand v0.5.6
[INFO] [stderr]     Checking phf v0.7.24
[INFO] [stderr]     Checking bytes v0.4.11
[INFO] [stderr]     Checking tokio-executor v0.1.6
[INFO] [stderr]     Checking want v0.0.6
[INFO] [stderr]     Checking futures-cpupool v0.1.8
[INFO] [stderr]     Checking mime v0.3.13
[INFO] [stderr]    Compiling rand_pcg v0.1.1
[INFO] [stderr]    Compiling parking_lot_core v0.4.0
[INFO] [stderr]     Checking crossbeam-deque v0.6.3
[INFO] [stderr]     Checking mio v0.6.16
[INFO] [stderr]     Checking tokio-timer v0.2.9
[INFO] [stderr]     Checking tokio-current-thread v0.1.4
[INFO] [stderr]     Checking aho-corasick v0.6.9
[INFO] [stderr]     Checking tokio-io v0.1.11
[INFO] [stderr]     Checking http v0.1.15
[INFO] [stderr]    Compiling openssl-sys v0.9.40
[INFO] [stderr]     Checking idna v0.1.5
[INFO] [stderr]     Checking uuid v0.7.1
[INFO] [stderr]     Checking url v1.7.2
[INFO] [stderr]    Compiling phf_generator v0.7.24
[INFO] [stderr]     Checking parking_lot v0.7.1
[INFO] [stderr]    Compiling phf_codegen v0.7.24
[INFO] [stderr]    Compiling mime_guess v2.0.0-alpha.6
[INFO] [stderr]     Checking crossbeam-channel v0.3.6
[INFO] [stderr]     Checking tokio-reactor v0.1.8
[INFO] [stderr]     Checking h2 v0.1.16
[INFO] [stderr]     Checking tokio-tcp v0.1.3
[INFO] [stderr]     Checking crossbeam v0.6.0
[INFO] [stderr]     Checking tokio-threadpool v0.1.11
[INFO] [stderr]     Checking tokio v0.1.15
[INFO] [stderr]     Checking serde_urlencoded v0.5.4
[INFO] [stderr]     Checking serde_json v1.0.37
[INFO] [stderr]     Checking hyper v0.12.23
[INFO] [stderr]     Checking hyper-tls v0.3.1
[INFO] [stderr]     Checking reqwest v0.9.9
[INFO] [stderr]     Checking live_streamer v0.1.0 (/opt/rustwide/workdir)
[INFO] [stdout] error[E0432]: unresolved import `crypto::aessafe`
[INFO] [stdout]   --> src/main.rs:17:13
[INFO] [stdout]    |
[INFO] [stdout] 17 | use crypto::aessafe::AesSafe128Decryptor;
[INFO] [stdout]    |             ^^^^^^^ could not find `aessafe` in `crypto`
[INFO] [stdout] 
[INFO] [stdout] 
[INFO] [stdout] error[E0432]: unresolved import `crypto::aessafe`
[INFO] [stdout]   --> src/main.rs:17:13
[INFO] [stdout]    |
[INFO] [stdout] 17 | use crypto::aessafe::AesSafe128Decryptor;
[INFO] [stdout]    |             ^^^^^^^ could not find `aessafe` in `crypto`
[INFO] [stdout] 
[INFO] [stdout] 
[INFO] [stdout] error[E0425]: cannot find value `encryption` in this scope
[INFO] [stdout]    --> src/main.rs:145:21
[INFO] [stdout]     |
[INFO] [stdout] 145 |                     encryption = match encryption_t {
[INFO] [stdout]     |                     ^^^^^^^^^^ help: a local variable with a similar name exists: `encryption_t`
[INFO] [stdout] 
[INFO] [stdout] 
[INFO] [stdout] error[E0425]: cannot find value `encryption` in this scope
[INFO] [stdout]    --> src/main.rs:165:33
[INFO] [stdout]     |
[INFO] [stdout] 165 |                     encryption: encryption,
[INFO] [stdout]     |                                 ^^^^^^^^^^ help: a local variable with a similar name exists: `encryption_t`
[INFO] [stdout] 
[INFO] [stdout] 
[INFO] [stdout] warning: unused import: `std::io::Read`
[INFO] [stdout]  --> src/main.rs:2:5
[INFO] [stdout]   |
[INFO] [stdout] 2 | use std::io::Read;
[INFO] [stdout]   |     ^^^^^^^^^^^^^
[INFO] [stdout]   |
[INFO] [stdout]   = note: `#[warn(unused_imports)]` on by default
[INFO] [stdout] 
[INFO] [stdout] 
[INFO] [stdout] warning: unused import: `std::result`
[INFO] [stdout]  --> src/main.rs:3:5
[INFO] [stdout]   |
[INFO] [stdout] 3 | use std::result;
[INFO] [stdout]   |     ^^^^^^^^^^^
[INFO] [stdout] 
[INFO] [stdout] 
[INFO] [stdout] warning: unused import: `std::net::TcpStream`
[INFO] [stdout]  --> src/main.rs:4:5
[INFO] [stdout]   |
[INFO] [stdout] 4 | use std::net::TcpStream;
[INFO] [stdout]   |     ^^^^^^^^^^^^^^^^^^^
[INFO] [stdout] 
[INFO] [stdout] 
[INFO] [stdout] warning: unused import: `std::thread::JoinHandle`
[INFO] [stdout]  --> src/main.rs:7:5
[INFO] [stdout]   |
[INFO] [stdout] 7 | use std::thread::JoinHandle;
[INFO] [stdout]   |     ^^^^^^^^^^^^^^^^^^^^^^^
[INFO] [stdout] 
[INFO] [stdout] 
[INFO] [stdout] warning: unused import: `reqwest::Url`
[INFO] [stdout]   --> src/main.rs:23:5
[INFO] [stdout]    |
[INFO] [stdout] 23 | use reqwest::Url;
[INFO] [stdout]    |     ^^^^^^^^^^^^
[INFO] [stdout] 
[INFO] [stdout] 
[INFO] [stdout] warning: unused import: `std::collections::HashMap`
[INFO] [stdout]   --> src/main.rs:25:5
[INFO] [stdout]    |
[INFO] [stdout] 25 | use std::collections::HashMap;
[INFO] [stdout]    |     ^^^^^^^^^^^^^^^^^^^^^^^^^
[INFO] [stdout] 
[INFO] [stdout] 
[INFO] [stdout] warning: trait objects without an explicit `dyn` are deprecated
[INFO] [stdout]    --> src/main.rs:124:99
[INFO] [stdout]     |
[INFO] [stdout] 124 | fn start_playlist_getter(url: &str, referer: &str, ret_pipe: &Sender<Playlist>) -> Result<(), Box<std::error::Error>> {
[INFO] [stdout]     |                                                                                                   ^^^^^^^^^^^^^^^^^ help: use `dyn`: `dyn std::error::Error`
[INFO] [stdout]     |
[INFO] [stdout]     = note: `#[warn(bare_trait_objects)]` on by default
[INFO] [stdout] 
[INFO] [stdout] 
[INFO] [stdout] error[E0425]: cannot find value `encryption` in this scope
[INFO] [stdout]    --> src/main.rs:145:21
[INFO] [stdout]     |
[INFO] [stdout] 145 |                     encryption = match encryption_t {
[INFO] [stdout]     |                     ^^^^^^^^^^ help: a local variable with a similar name exists: `encryption_t`
[INFO] [stdout] 
[INFO] [stdout] 
[INFO] [stdout] error[E0425]: cannot find value `encryption` in this scope
[INFO] [stdout]    --> src/main.rs:165:33
[INFO] [stdout]     |
[INFO] [stdout] 165 |                     encryption: encryption,
[INFO] [stdout]     |                                 ^^^^^^^^^^ help: a local variable with a similar name exists: `encryption_t`
[INFO] [stdout] 
[INFO] [stdout] 
[INFO] [stdout] warning: unused import: `std::io::Read`
[INFO] [stdout]  --> src/main.rs:2:5
[INFO] [stdout]   |
[INFO] [stdout] 2 | use std::io::Read;
[INFO] [stdout]   |     ^^^^^^^^^^^^^
[INFO] [stdout]   |
[INFO] [stdout]   = note: `#[warn(unused_imports)]` on by default
[INFO] [stdout] 
[INFO] [stdout] 
[INFO] [stdout] warning: unused import: `std::result`
[INFO] [stdout]  --> src/main.rs:3:5
[INFO] [stdout]   |
[INFO] [stdout] 3 | use std::result;
[INFO] [stdout]   |     ^^^^^^^^^^^
[INFO] [stdout] 
[INFO] [stdout] 
[INFO] [stdout] warning: unused import: `std::net::TcpStream`
[INFO] [stdout]  --> src/main.rs:4:5
[INFO] [stdout]   |
[INFO] [stdout] 4 | use std::net::TcpStream;
[INFO] [stdout]   |     ^^^^^^^^^^^^^^^^^^^
[INFO] [stdout] 
[INFO] [stdout] 
[INFO] [stdout] warning: unused import: `std::thread::JoinHandle`
[INFO] [stdout]  --> src/main.rs:7:5
[INFO] [stdout]   |
[INFO] [stdout] 7 | use std::thread::JoinHandle;
[INFO] [stdout]   |     ^^^^^^^^^^^^^^^^^^^^^^^
[INFO] [stdout] 
[INFO] [stdout] 
[INFO] [stdout] warning: unused import: `reqwest::Url`
[INFO] [stdout]   --> src/main.rs:23:5
[INFO] [stdout]    |
[INFO] [stdout] 23 | use reqwest::Url;
[INFO] [stdout]    |     ^^^^^^^^^^^^
[INFO] [stdout] 
[INFO] [stdout] 
[INFO] [stdout] warning: unused import: `std::collections::HashMap`
[INFO] [stdout]   --> src/main.rs:25:5
[INFO] [stdout]    |
[INFO] [stdout] 25 | use std::collections::HashMap;
[INFO] [stdout]    |     ^^^^^^^^^^^^^^^^^^^^^^^^^
[INFO] [stdout] 
[INFO] [stdout] 
[INFO] [stdout] warning: trait objects without an explicit `dyn` are deprecated
[INFO] [stdout]    --> src/main.rs:124:99
[INFO] [stdout]     |
[INFO] [stdout] 124 | fn start_playlist_getter(url: &str, referer: &str, ret_pipe: &Sender<Playlist>) -> Result<(), Box<std::error::Error>> {
[INFO] [stdout]     |                                                                                                   ^^^^^^^^^^^^^^^^^ help: use `dyn`: `dyn std::error::Error`
[INFO] [stdout]     |
[INFO] [stdout]     = note: `#[warn(bare_trait_objects)]` on by default
[INFO] [stdout] 
[INFO] [stdout] 
[INFO] [stdout] error[E0609]: no field `key` on type `Playlist`
[INFO] [stdout]   --> src/main.rs:76:75
[INFO] [stdout]    |
[INFO] [stdout] 76 |                 let aes_decryptor     = AesSafe128Decryptor::new(playlist.key);
[INFO] [stdout]    |                                                                           ^^^ unknown field
[INFO] [stdout]    |
[INFO] [stdout]    = note: available fields are: `order_id`, `name`, `encryption`
[INFO] [stdout] 
[INFO] [stdout] 
[INFO] [stdout] error[E0308]: mismatched types
[INFO] [stdout]    --> src/main.rs:147:34
[INFO] [stdout]     |
[INFO] [stdout] 147 | ...                   key: encryption_key,
[INFO] [stdout]     |                            ^^^^^^^^^^^^^^
[INFO] [stdout]     |                            |
[INFO] [stdout]     |                            expected struct `Vec`, found `&Vec<u8>`
[INFO] [stdout]     |                            help: try using a conversion method: `encryption_key.to_vec()`
[INFO] [stdout]     |
[INFO] [stdout]     = note: expected struct `Vec<u8>`
[INFO] [stdout]             found reference `&Vec<u8>`
[INFO] [stdout] 
[INFO] [stdout] 
[INFO] [stdout] warning: unreachable expression
[INFO] [stdout]    --> src/main.rs:172:5
[INFO] [stdout]     |
[INFO] [stdout] 132 | /     loop {
[INFO] [stdout] 133 | |         // find where last elem is in new playlist append all after that point.
[INFO] [stdout] 134 | |         // if not in new playlist append whole playlist might lead to choppyness
[INFO] [stdout] 135 | |         // return ERROR if 410 gone
[INFO] [stdout] ...   |
[INFO] [stdout] 170 | |         thread::sleep(ten_millis);
[INFO] [stdout] 171 | |     }
[INFO] [stdout]     | |_____- any code following this expression is unreachable
[INFO] [stdout] 172 |       Ok(())
[INFO] [stdout]     |       ^^^^^^ unreachable expression
[INFO] [stdout]     |
[INFO] [stdout]     = note: `#[warn(unreachable_code)]` on by default
[INFO] [stdout] 
[INFO] [stdout] 
[INFO] [stdout] error: aborting due to 5 previous errors; 8 warnings emitted
[INFO] [stdout] 
[INFO] [stdout] 
[INFO] [stdout] Some errors have detailed explanations: E0308, E0425, E0432, E0609.
[INFO] [stdout] 
[INFO] [stdout] For more information about an error, try `rustc --explain E0308`.
[INFO] [stdout] 
[INFO] [stderr] error: could not compile `live_streamer`.
[INFO] [stderr] 
[INFO] [stderr] To learn more, run the command again with --verbose.
[INFO] [stderr] warning: build failed, waiting for other jobs to finish...
[INFO] [stdout] error[E0609]: no field `key` on type `Playlist`
[INFO] [stdout]   --> src/main.rs:76:75
[INFO] [stdout]    |
[INFO] [stdout] 76 |                 let aes_decryptor     = AesSafe128Decryptor::new(playlist.key);
[INFO] [stdout]    |                                                                           ^^^ unknown field
[INFO] [stdout]    |
[INFO] [stdout]    = note: available fields are: `order_id`, `name`, `encryption`
[INFO] [stdout] 
[INFO] [stdout] 
[INFO] [stdout] error[E0308]: mismatched types
[INFO] [stdout]    --> src/main.rs:147:34
[INFO] [stdout]     |
[INFO] [stdout] 147 | ...                   key: encryption_key,
[INFO] [stdout]     |                            ^^^^^^^^^^^^^^
[INFO] [stdout]     |                            |
[INFO] [stdout]     |                            expected struct `Vec`, found `&Vec<u8>`
[INFO] [stdout]     |                            help: try using a conversion method: `encryption_key.to_vec()`
[INFO] [stdout]     |
[INFO] [stdout]     = note: expected struct `Vec<u8>`
[INFO] [stdout]             found reference `&Vec<u8>`
[INFO] [stdout] 
[INFO] [stdout] 
[INFO] [stdout] warning: unreachable expression
[INFO] [stdout]    --> src/main.rs:172:5
[INFO] [stdout]     |
[INFO] [stdout] 132 | /     loop {
[INFO] [stdout] 133 | |         // find where last elem is in new playlist append all after that point.
[INFO] [stdout] 134 | |         // if not in new playlist append whole playlist might lead to choppyness
[INFO] [stdout] 135 | |         // return ERROR if 410 gone
[INFO] [stdout] ...   |
[INFO] [stdout] 170 | |         thread::sleep(ten_millis);
[INFO] [stdout] 171 | |     }
[INFO] [stdout]     | |_____- any code following this expression is unreachable
[INFO] [stdout] 172 |       Ok(())
[INFO] [stdout]     |       ^^^^^^ unreachable expression
[INFO] [stdout]     |
[INFO] [stdout]     = note: `#[warn(unreachable_code)]` on by default
[INFO] [stdout] 
[INFO] [stdout] 
[INFO] [stdout] error: aborting due to 5 previous errors; 8 warnings emitted
[INFO] [stdout] 
[INFO] [stdout] 
[INFO] [stdout] Some errors have detailed explanations: E0308, E0425, E0432, E0609.
[INFO] [stdout] 
[INFO] [stdout] For more information about an error, try `rustc --explain E0308`.
[INFO] [stdout] 
[INFO] [stderr] error: build failed
[INFO] running `Command { std: "docker" "inspect" "19f5d78066152e1005c5c9b7d81f18e3697b24afc4bd9b42c9e29c0d28e25e91", kill_on_drop: false }`
[INFO] running `Command { std: "docker" "rm" "-f" "19f5d78066152e1005c5c9b7d81f18e3697b24afc4bd9b42c9e29c0d28e25e91", kill_on_drop: false }`
[INFO] [stdout] 19f5d78066152e1005c5c9b7d81f18e3697b24afc4bd9b42c9e29c0d28e25e91
